when 81887489 is divided by 27295827.
8
What is the remainder when 264952 is divided by 7919?
3625
What is the remainder when 88535766 is divided by 12?
6
Calculate the remainder when 240782 is divided by 240750.
32
Calculate the remainder when 8491317 is divided by 103.
100
Calculate the remainder when 201408 is divided by 66214.
2766
Calculate the remainder when 52617 is divided by 13031.
493
What is the remainder when 192127 is divided by 95993?
141
Calculate the remainder when 13387 is divided by 10094.
3293
What is the remainder when 655419 is divided by 19860?
39
What is the remainder when 1579991 is divided by 319?
303
Calculate the remainder when 4432371 is divided by 1477437.
60
Calculate the remainder when 361686 is divided by 305.
261
Calculate the remainder when 3198536 is divided by 1599263.
10
Calculate the remainder when 72540 is divided by 6583.
127
Calculate the remainder when 6574716 is divided by 630.
36
Calculate the remainder when 160931447 is divided by 108.
107
What is the remainder when 610555 is divided by 122111?
0
What is the remainder when 244683 is divided by 341?
186
Calculate the remainder when 146727 is divided by 36667.
59
What is the remainder when 2901932 is divided by 30?
2
Calculate the remainder when 257746781 is divided by 16.
13
Calculate the remainder when 20042 is divided by 918.
764
Calculate the remainder when 6623454 is divided by 494.
396
What is the remainder when 1745998 is divided by 378?
16
Calculate the remainder when 119134452 is divided by 23826877.
67
Calculate the remainder when 315482 is divided by 2815.
202
What is the remainder when 1238063 is divided by 20984?
7
Calculate the remainder when 24674 is divided by 146.
0
Calculate the remainder when 820914 is divided by 12548.
5294
Calculate the remainder when 33055 is divided by 51.
7
What is the remainder when 10654 is divided by 9175?
1479
What is the remainder when 196608 is divided by 5445?
588
What is the remainder when 605567 is divided by 32?
31
What is the remainder when 114261 is divided by 2564?
1445
Calculate the remainder when 101461 is divided by 101384.
77
What is the remainder when 630420 is divided by 2040?
60
What is the remainder when 391496 is divided by 470?
456
Calculate the remainder when 35834832 is divided by 12556.
8
What is the remainder when 25811 is divided by 3219?
59
What is the remainder when 20141 is divided by 1059?
20
Calculate the remainder when 114304 is divided by 56636.
1032
Calculate the remainder when 3514941 is divided by 535.
526
Calculate the remainder when 1432197 is divided by 130185.
162
What is the remainder when 135506 is divided by 7750?
3756
What is the remainder when 4782928 is divided by 1594271?
115
What is the remainder when 1828606 is divided by 70331?
0
Calculate the remainder when 560300 is divided by 2165.
1730
Calculate the remainder when 415948 is divided by 5616.
364
Calculate the remainder when 1160243537 is divided by 34.
31
What is the remainder when 237513 is divided by 4947?
57
Calculate the remainder when 295119 is divided by 98064.
927
Calculate the remainder when 61982394 is divided by 681125.
19
What is the remainder when 88033214 is divided by 15?
14
Calculate the remainder when 5279758 is divided by 472.
438
What is the remainder when 7429 is divided by 377?
266
What is the remainder when 1028342 is divided by 93472?
150
What is the remainder when 159054 is divided by 322?
308
Calculate the remainder when 14903818 is divided by 19.
9
What is the remainder when 129802 is divided by 13?
10
Calculate the remainder when 48696321 is divided by 5120.
1
Calculate the remainder when 1520411 is divided by 1050.
11
Calculate the remainder when 20921228 is divided by 82367.
10
What is the remainder when 65167 is divided by 1001?
102
What is the remainder when 270762 is divided by 67673?
70
What is the remainder when 86277598 is divided by 193?
36
What is the remainder when 7215238 is divided by 1442945?
513
What is the remainder when 15453803 is divided by 2071?
1
What is the remainder when 1392348 is divided by 3223?
12
Calculate the remainder when 4791620 is divided by 111.
83
What is the remainder when 17964077 is divided by 11442?
137
What is the remainder when 946578 is divided by 72810?
48
Calculate the remainder when 1378704596 is divided by 105.
101
What is the remainder when 12357 is divided by 11095?
1262
Calculate the remainder when 811768 is divided by 97.
72
Calculate the remainder when 39719814 is divided by 361089.
24
What is the remainder when 44662299 is divided by 100?
99
What is the remainder when 153769 is divided by 51073?
550
What is the remainder when 12675456 is divided by 186403?
52
Calculate the remainder when 10693518 is divided by 1179.
1167
Calculate the remainder when 25063350 is divided by 12531671.
8
Calculate the remainder when 3498542 is divided by 71.
17
What is the remainder when 120633417 is divided by 233?
230
What is the remainder when 7513788 is divided by 150?
138
What is the remainder when 1723918 is divided by 27?
22
Calculate the remainder when 16453255 is divided by 11.
5
What is the remainder when 17474474 is divided by 262?
122
What is the remainder when 12869574 is divided by 6434764?
46
What is the remainder when 21822897 is divided by 3890?
3887
Calculate the remainder when 1533319 is divided by 511103.
10
Calculate the remainder when 119422 is divided by 257.
174
Calculate the remainder when 2143941 is divided by 714647.
0
What is the remainder when 76692 is divided by 156?
96
Calculate the remainder when 2130958 is divided by 3706.
8
What is the remainder when 74276256 is divided by 12?
0
What is the remainder when 135931234 is divided by 21?
19
Calculate the remainder when 37945415 is divided by 2934.
2927
What is the remainder when 83055386 is divided by 227549?
1
What is the remainder when 8691272 is divided by 540?
512
Calculate the remainder when 14049 is divided by 12396.
1653
What is the remainder when 28759507 is divided by 747?
7
What is the remainder when 2064901 is divided by 6726?
19
Calculate the remainder when 42472825 is divided by 68.
25
Calculate the remainder when 1155607 is divided by 2160.
7
What is the remainder when 100669651 is divided by 2281?
2278
Calculate the remainder when 1063245 is divided by 81771.
222
What is the remainder when 20773 is divided by 1031?
153
Calculate the remainder when 4493 is divided by 4142.
351
What is the remainder when 351268 is divided by 58523?
130
What is the remainder when 3209987 is divided by 20?
7
Calculate the remainder when 2730811 is divided by 909785.
1456
What is the remainder when 1257077 is divided by 1319?
70
What is the remainder when 2393016 is divided by 2393012?
4
What is the remainder when 65200776 is divided by 340?
336
What is the remainder when 11169993 is divided by 71?
60
What is the remainder when 2609116 is divided by 163062?
124
What is the remainder when 911115 is divided by 1641?
360
What is the remainder when 507665 is divided by 84533?
467
What is the remainder when 3057344 is divided by 147?
38
Calculate the remainder when 3274420 is divided by 3204.
3136
What is the remainder when 10314345 is divided by 7310?
7245
Calculate the remainder when 10366157 is divided by 454.
429
Calculate the remainder when 268814146 is divided by 3287.
3286
What is the remainder when 11843148 is divided by 3883?
3881
Calculate the remainder when 64130 is divided by 1743.
1382
Calculate the remainder when 33148672 is divided by 11049549.
25
What is the remainder when 17244466 is divided by 2029?
2024
What is the remainder when 2315761 is divided by 14?
7
Calculate the remainder when 14240720 is divided by 1294609.
21
Calculate the remainder when 15923601 is divided by 923.
5
Calculate the remainder when 433060 is divided by 481.
160
What is the remainder when 161329125 is divided by 28?
13
Calculate the remainder when 604231293 is divided by 3012.
3009
Calculate the remainder when 187319 is divided by 24.
23
Calculate the remainder when 36307832 is divided by 6051305.
2
Calculate the remainder when 434054 is divided by 107644.
3478
Calculate the remainder when 159985 is divided by 972.
577
What is the remainder when 79604 is divided by 116?
28
What is the re